607?
8
What is the billions digit of 1042083779?
1
What is the hundred thousands digit of 507492756?
4
What is the hundred millions digit of 487214531?
4
What is the hundred millions digit of 2074751277?
0
What is the hundred millions digit of 705408711?
7
What is the ten millions digit of 1623558935?
2
What is the hundred thousands digit of 24153965?
1
What is the ten millions digit of 952034507?
5
What is the ten thousands digit of 236586301?
8
What is the millions digit of 625326537?
5
What is the ten millions digit of 717893915?
1
What is the tens digit of 2358607022?
2
What is the thousands digit of 411425351?
5
What is the hundred millions digit of 1506319707?
5
What is the hundreds digit of 2925174089?
0
What is the millions digit of 1697380427?
7
What is the tens digit of 2220199811?
1
What is the ten millions digit of 182877795?
8
What is the units digit of 1632694945?
5
What is the tens digit of 2963589734?
3
What is the thousands digit of 1666331833?
1
What is the tens digit of 1669375104?
0
What is the ten millions digit of 320423879?
2
What is the hundreds digit of 43120698?
6
What is the billions digit of 2510235176?
2
What is the units digit of 361513458?
8
What is the hundreds digit of 792757301?
3
What is the tens digit of 303228768?
6
What is the tens digit of 277794285?
8
What is the hundred thousands digit of 1342325645?
3
What is the hundred thousands digit of 5426226129?
2
What is the billions digit of 1654656652?
1
What is the ten thousands digit of 3959647812?
4
What is the tens digit of 65618842?
4
What is the hundred thousands digit of 380810641?
8
What is the hundred thousands digit of 73660183?
6
What is the thousands digit of 2234520160?
0
What is the millions digit of 84143148?
4
What is the units digit of 59374675?
5
What is the hundred millions digit of 224191382?
2
What is the millions digit of 2070077756?
0
What is the hundred millions digit of 552282929?
5
What is the tens digit of 585837014?
1
What is the units digit of 584806743?
3
What is the hundreds digit of 12746013?
0
What is the thousands digit of 463586?
3
What is the millions digit of 62581266?
2
What is the ten millions digit of 39965002?
3
What is the ten millions digit of 1946339446?
4
What is the tens digit of 24991892?
9
What is the ten millions digit of 1036512945?
3
What is the thousands digit of 3402458242?
8
What is the ten thousands digit of 537945579?
4
What is the tens digit of 1880814023?
2
What is the tens digit of 155082236?
3
What is the hundred millions digit of 797381068?
7
What is the hundred millions digit of 146900594?
1
What is the millions digit of 149818868?
9
What is the hundred millions digit of 147020185?
1
What is the ten millions digit of 437621137?
3
What is the millions digit of 6113871750?
3
What is the thousands digit of 2370679769?
9
What is the millions digit of 611192690?
1
What is the units digit of 966502340?
0
What is the hundred thousands digit of 84104946?
1
What is the billions digit of 3476424563?
3
What is the tens digit of 178383743?
4
What is the units digit of 861726340?
0
What is the hundreds digit of 994266128?
1
What is the ten thousands digit of 68944275?
4
What is the millions digit of 140779370?
0
What is the ten millions digit of 28410010?
2
What is the millions digit of 45524163?
5
What is the hundred thousands digit of 81196295?
1
What is the tens digit of 518892040?
4
What is the millions digit of 17894069?
7
What is the hundred thousands digit of 75657165?
6
What is the units digit of 142481495?
5
What is the hundred thousands digit of 37010036?
0
What is the hundreds digit of 92919450?
4
What is the ten thousands digit of 220377425?
7
What is the ten millions digit of 92877241?
9
What is the units digit of 157260834?
4
What is the millions digit of 31941939?
1
What is the hundred thousands digit of 142559762?
5
What is the ten millions digit of 588823135?
8
What is the thousands digit of 738121251?
1
What is the millions digit of 478723730?
8
What is the hundred thousands digit of 45261727?
2
What is the units digit of 721539163?
3
What is the ten thousands digit of 28776939?
7
What is the hundreds digit of 6961396607?
6
What is the ten thousands digit of 332213199?
1
What is the tens digit of 264747133?
3
What is the hundreds digit of 739895122?
1
What is the billions digit of 3908481362?
3
What is the units digit of 9706135?
5
What is the tens digit of 235900217?
1
What is the hundreds digit of 47159572?
5
What is the hundred thousands digit of 2353657025?
6
What is the millions digit of 70534743?
0
What is the units digit of 1474594769?
9
What is the ten thousands digit of 983605900?
0
What is the ten millions digit of 65937323?
6
What is the hundreds digit of 1643605447?
4
What is the tens digit of 1408681?
8
What is the hundred thousands digit of 1734080656?
0
What is the hundreds digit of 1618779358?
3
What is the thousands digit of 145354165?
4
What is the hundred thousands digit of 1287682464?
6
What is the ten thousands digit of 367715118?
1
What is the millions digit of 8092294?
8
What is the ten thousands digit of 2710516594?
1
What is the tens digit of 539617083?
8
What is the millions digit of 79801224?
9
What is the hundreds digit of 4120373374?
3
What is the ten thousands digit of 70074900?
7
What is the ten thousands digit of 3554621257?
2
What is the hundred thousands digit of 22946534?
9
What is the ten millions digit of 341538388?
4
What is the tens digit of 1460610982?
8
What is the hundreds digit of 3086750956?
9
What is the ten thousands digit of 66893731?
9
What is the hundred thousands digit of 1459635?
4
What is the hundred millions digit of 400614786?
4
What is the ten thousands digit of 41667939?
6
What is the hundreds digit of 2459734769?
7
What is the units digit of 20589552?
2
What is the hundred thousands digit of 31881160?
8
What is the units digit of 25957135?
5
What is the ten millions digit of 2376073785?
7
What is the units digit of 15482555?
5
What is the hundred millions digit of 998375128?
9
What is the hundreds digit of 71516926?
9
What is the millions digit of 33044181?
3
What is the ten thousands digit of 180925379?
2
What is the billions digit of 5906720049?
5
What is the hundred thousands digit of 77800003?
8
What is the hundred thousands digit of 173146067?
1
What is the ten millions digit of 62473979?
6
What is the billions digit of 1238645353?
1
What is the tens digit of 359955624?
2
What is the units digit of 6872291812?
2
What is the tens digit of 24195181?
8
What is the ten millions digit of 613161300?
1
What is the tens digit of 6405627?
2
What is the thousands digit of 45640734?
0
What is the ten millions digit of 19552124?
1
What is the ten millions digit of 1235170407?
3
What is the hundred thousands digit of 42463504?
4
What is the ten thousands digit of 226668560?
6
What is the hundred thousands digit of 138251579?
2
What is the thousands digit of 658007228?
7
What is the ten thousands digit of 42998712?
9
What is the units digit of 99612310?
0
What is the hundred thousands digit of 464327741?
3
What is the tens digit of 491111733?
3
What is the tens digit of 1215406998?
9
What is the units digit of 58028798?
8
What is the hundred thousands digit of 90023994?
0
What is the units digit of 529474718?
8
What is the units digit of 18467262?
2
What is the ten millions digit of 275509989?
7
What is the ten thousands digit of 229264736?
6
What is the millions digit of 35262396?
5
What is the ten millions digit of 120199924?
2
What is the hundreds digit of 5350019079?
0
What is the hundred thousands digit of 236335191?
3
What is the hundreds digit of 115140489?
4
What is the ten thousands digit of 800025507?
2
What is the tens digit of 65532279?
7
What is the tens digit of 68916931?
3
What is the hundreds digit of 369246049?
0
What is the thousands digit of 92814111?
4
What is the hundred millions digit of 2405447613?
4
What is the hundreds digit of 471091702?
7
What is the hundreds digit of 28234354?
3
What is the hundred millions digit of 329716925?
3
What is the units digit of 1206672088?
8
What is the hundreds digit of 250892061?
0
What is the ten thousands digit of 264105842?
0
What is the millions digit of 32868002?
2
What is the ten